s the units digit of (2/n)/((-3)/423)?
7
Let r be 2/5 + 96/10. Suppose y = 13 - 11. What is the units digit of (y/r + 3)*10?
2
What is the tens digit of (2086/(-28))/((-1)/2)?
4
Let t be 9 + -5 - (-3 - -2). Let g(q) = q**3 - 4*q**2 - q. What is the units digit of g(t)?
0
Let h(v) = 1443*v - 282. What is the thousands digit of h(2)?
2
Let s(n) = -n + 15. Suppose 21*u - 22 = 19*u. Let j be s(u). Suppose -19 = -b - 4*a, -j = 4*a - 5*a. What is the units digit of b?
3
Let c(b) = b**3 + 6*b**2 - b - 5. Let k be c(-6). Let s(x) = 98*x**3 - x**2 + 2*x - 1. Let p be s(k). Suppose 4*r = 6 + p. What is the tens digit of r?
2
Let s(b) = 33*b**2 + 13*b + 5. What is the units digit of s(-4)?
1
Suppose -7*t - 9*t - 3968 = 0. Let h = t + 480. What is the units digit of h?
2
Let l(g) = -g**2 - 13*g - 11. Let w be l(-12). Suppose k - w = h, -4*k + 26 = 2*h + k. What is the units digit of (-1)/(((-6)/58)/h)?
9
Let l = -99 + 451. What is the units digit of -3*(3/7 - l/168)?
5
What is the hundreds digit of (-1 - 255303/(-135)) + 4/(-30)?
8
Let n(h) = -h**2 + 12*h - 7. Let x be n(11). Suppose 0*q + 2*c = -3*q + 30, -5*q = -x*c - 50. What is the tens digit of q?
1
Let u = -74 + 722. What is the hundreds digit of u?
6
Let z(x) = x + 8. Let w be z(-10). Let u be 18/w*(0 - 15). Suppose -5*b = -25 - u. What is the units digit of b?
2
Let v = 891 - 382. What is the tens digit of v?
0
Let f(p) = 2*p**2 - 5*p + 6. Let w be f(3). Let h = 12 - w. Suppose 3*k = -h*k + 426. What is the units digit of k?
1
Suppose -5*c + 83 = 63. Let j = 26 + -16. Let p = c + j. What is the units digit of p?
4
Let a(k) = 11*k - 18. Suppose -l + 10 = 4. What is the units digit of a(l)?
8
Let y(r) = -3*r**2 - 3*r - 3. Let x be y(-2). What is the units digit of x/(-2) + 7/14?
5
Let r = -567 - -990. What is the hundreds digit of r?
4
Let r = 1373 + 363. What is the hundreds digit of r?
7
Let t(p) = -p. Let i be t(-1). Let r(c) = -3*c**2 - 9*c - 13. Let o be r(-4). What is the units digit of ((-10)/o)/(i/40)?
6
Suppose 4*q = -3*r + 496, 3*r - 313 - 188 = -3*q. Suppose 4*u - 3*u - 4*f - 83 = 0, -5*f - r = -2*u. What is the units digit of u?
1
Let b(i) = -36*i - 29. Let g be b(-4). Let l(y) = -2*y**3 + 7*y**2 - 2*y + 4. Let m be l(5). Let z = g + m. What is the units digit of z?
4
Suppose 624 = -f + 3*f - 4*j, 2*f + 2*j = 636. Suppose 3*i - 5*w = f - 82, 5*i = 3*w + 374. What is the units digit of i?
3
Suppose f = 853 - 193. What is the tens digit of f?
6
What is the units digit of 47*(-84)/(-6) - (3 + -2)?
7
Let b = -86 - -235. Suppose 0 = 3*c + 5*t - 12 - 109, -2*t = -3*c + b. Let z = c - 25. What is the units digit of z?
2
Let c(g) = 2*g**2 + 5*g - 10. Let d be c(-4). Suppose -14 - 40 = -d*m. What is the units digit of m?
7
Let s be (-316)/(-6) - (-5)/((-75)/10). Let a = s - 13. What is the tens digit of a?
3
Let s(r) = 2*r**3 - 29*r**2 + 35*r + 3. What is the hundreds digit of s(15)?
7
Let t = -7 - -12. Suppose -p - 4 = -4*m + 1, -4*m = t*p - 23. Suppose -6*h + m*h + 4*x = -128, 2*x = -3*h + 91. What is the tens digit of h?
3
Let s = 1864 + 1051. What is the tens digit of s?
1
Let i be 21/14*8/(-6). What is the units digit of (i - 3)*(-5 + -14)?
5
Let g = 6 + -2. Suppose 0 = -b + 91 + 203. What is the units digit of (b/9)/(g/6)?
9
Let b(h) = h**3 + 11*h**2 - 11*h + 14. Let t be b(-12). Suppose -49 = -l + 3*q, 4*q = -4*l + 242 + t. What is the tens digit of l?
5
Let d = 470 - 140. What is the tens digit of d?
3
Let k be ((-574)/(-6) - 2) + (-12)/18. Let p = k + -70. What is the tens digit of p?
2
Suppose -s = -3*c + 8, 0 = -5*c - 2*s + 4 + 2. Suppose -4*p = -3*m - 402, -m - c*m - 6 = 0. What is the units digit of p?
9
Let t = -103 - -168. Suppose 0 = 5*g - 3*k - 377, -4*g - 2*k + 241 + t = 0. What is the tens digit of g?
7
Let u(i) = i**2 - 28*i - 5. What is the hundreds digit of u(-18)?
8
Suppose r + 87 = 5. Let u = -56 - r. Suppose 5*k = u + 4. What is the units digit of k?
6
Suppose 26 = -c - 4*d, -5*d - 14 = -2*c - 40. Let y = c - -20. Suppose 0 = y*a - 7*a + 165. What is the tens digit of a?
3
Let g(n) = 4*n + 3*n**2 - n**3 + 4 - 2 + 1. Let m be g(5). What is the units digit of (-3)/(m/(-57))*-3?
9
Let x(l) = 3*l**2 + 7. Suppose 3 = -y - i, 0 = -3*i - 2*i. What is the tens digit of x(y)?
3
Let h(w) = 2*w**2 - 15*w + 13. Let q be h(8). Suppose -10*l - 1562 = -q*l. What is the tens digit of l?
4
Suppose -3*d = 4*g + 429, 2*g + 173 = -d - 42. Let s = -75 - g. What is the tens digit of s?
3
Suppose -3*y - 3*a + 64 = 2*y, 5*y = 5*a + 40. What is the tens digit of y?
1
Suppose -4*z = z + 95. Suppose s + 6 = -10. Let r = s - z. What is the units digit of r?
3
Let d(w) = 5*w**2 - 6*w + 19. What is the hundreds digit of d(-11)?
6
Suppose -6*c = -3*c + 24. Let u = 10 + c. Let z(x) = 3*x**2 + 2*x - 1. What is the tens digit of z(u)?
1
Suppose 3*h - 7131 - 369 = 0. What is the units digit of h?
0
Let a(c) = 4*c**2 + 14*c - 271. What is the tens digit of a(-35)?
3
Let y be 9/15 + (-27)/45. Suppose 4*t + y - 12 = 0. What is the units digit of t/6 + (-102)/(-4)?
6
Let l = -804 + 567. Let b = 394 + l. Suppose -5*w = -b - 58. What is the units digit of w?
3
Suppose 5*d = 3*i + 5959, 11*i = 13*i + 6. What is the thousands digit of d?
1
What is the tens digit of (-41)/123 - (-10364)/6?
2
Let q be (-45)/(-12) + (-3)/(-12). Let i(l) be the third derivative of l**4/6 + 5*l**3/6 + 2*l**2. What is the units digit of i(q)?
1
Let q = 90 - 89. Let i = q + 16. What is the units digit of i?
7
Suppose 3*l - 919 = k, -l + 610 = l - 2*k. What is the hundreds digit of l?
3
Let h be (3/(-6))/(2/4). Let r(s) = -20*s**3 + s**2 - s - 1. Let o be r(h). Let g = -18 + o. What is the units digit of g?
3
Let q be (-2 + 104/(-6))/((-2)/18). Suppose -q = -4*s + 314. What is the units digit of s?
2
Suppose 13394 = 10*y - a + 133, 2*y = -2*a + 2650. What is the hundreds digit of y?
3
Suppose 30*q + 2*z - 1521 = 29*q, 2*z = 3*q - 4579. What is the units digit of q?
5
Let w = 267 + -694. Let j = -188 - w. What is the units digit of j?
9
Let g be (-2)/(-4) + (-8685)/(-30). Let w = g - 153. What is the tens digit of w?
3
What is the hundreds digit of 14 - (-22 + 39) - 877*-1?
8
Let t(n) = -n**2 + 22*n - 7. Let q be t(16). Let m = q + -44. What is the tens digit of m?
4
Let f = 10 - -24. Let t = 46 - f. Let w(z) = -z**2 + 17*z - 11. What is the units digit of w(t)?
9
Let u(q) = -3*q + 16. Let o be u(6). Let r(f) = -87*f - 3. What is the units digit of r(o)?
1
Let b = 66 - 44. Let r = -36 + b. Let f = -9 - r. What is the units digit of f?
5
Let b be (-23 - (-2 - -2))*(-14 - -2). Suppose 3*s - 9*s + b = 0. What is the units digit of s?
6
Let s be 6/9 - 4/(-3). Suppose -6 = s*p - 206. What is the units digit of p?
0
Let w(z) = 339*z**2 + 10*z + 11. What is the units digit of w(-1)?
0
Let k(o) = 2*o**2 - 6*o + 4. Let h be k(4). Suppose h = 2*w - 10. Let q = w + -6. What is the units digit of q?
5
Suppose 11*b - 215 - 2656 = 0. What is the tens digit of b?
6
Let l(a) = 8*a**2 + a + 4. Let p = 14 + -12. What is the tens digit of l(p)?
3
Let s(n) = -n + 6. Let z be s(4). Let w = -1317 - -1322. Suppose -4*m + 22 = -j, -z*j + w*j + 12 = 3*m. What is the units digit of m?
6
What is the hundreds digit of ((-1)/1)/(100/(-521000))?
2
Let q = 2147 - 333. What is the hundreds digit of q?
8
Let i = -460 + 460. Let p be (-2 + 0)/(-2)*76. Suppose -h + i*h = -p. What is the tens digit of h?
7
Let q = -275 + -21. Let i = 528 + q. What is the units digit of i?
2
Suppose -51*r + 119784 = 33*r. What is the tens digit of r?
2
Let j(f) = -121*f - 190. What is the units digit of j(-15)?
5
Let h be (4 + -5 + 0)*-69. Suppose 1 = -2*p + 3*p, p = -g + h. Let o = g + -40. What is the units digit of o?
8
Suppose -20*j + 13832 = 6*j. What is the tens digit of j?
3
Let w = 6912 + -3933. What is the thousands digit of w?
2
Suppose -57*o = -52*o - 11180. What is the tens digit of o?
3
Suppose -5*y + 16 = -y. Let z(u) = u**2 - 4*u + 2. Let t be z(y). Suppose 0 = 3*r - t*o - 71, 9*r - 4*r + 2*o = 129. What is the units digit of r?
5
What is the units digit of (-12 - -2)*(-5025)/50?
5
Let t(b) = b**2 - 10*b - 11. Let w be t(11). Suppose 3*k - 70 = 4*v, w = 4*k - 4*v + 3*v - 115. Suppose -k - 25 = -5*r. What is the units digit of r?
1
Suppose -4*i + 1944 = 4*f, 2*i - 5*f - 270